{"id":15,"date":"2013-01-07T19:33:08","date_gmt":"2013-01-07T17:33:08","guid":{"rendered":"http:\/\/www.alterschlachthof.at\/ash\/?page_id=15"},"modified":"2023-02-13T15:19:25","modified_gmt":"2023-02-13T14:19:25","slug":"krippenbauer","status":"publish","type":"page","link":"http:\/\/www.alterschlachthof.at\/ash\/vereine\/krippenbauer\/","title":{"rendered":"Krippenbauverein"},"content":{"rendered":"<p><strong>Verband der Krippenfreunde \u00d6sterreichs <\/strong><\/p>\n<p>Bei den Krippenfreunden Hollabrunn werden in Kursen f\u00fcr Erwachsene, Jugendliche und auch f\u00fcr Kinder ab 10 Jahre\u00a0 unter fachgerechter Betreuung Krippen f\u00fcr den Eigenbedarf gebaut.<\/p>\n<p>Das allj\u00e4hrliche Highlight ist die Krippenausstellung im Rahmen des Hollabrunner Advent.<\/p>\n<p>Termine, Kurse &amp; Kontakt unter:<\/p>\n<p><span style=\"color: #000000;\"><strong><a title=\"www.krippe-hollabrunn.at\" href=\"http:\/\/www.krippe-hollabrunn.at\" target=\"_blank\" rel=\"noopener noreferrer\"><span style=\"color: #000000;\">www.krippe-hollabrunn.at<\/span><\/a><\/strong><\/span><\/p>\n","protected":false},"excerpt":{"rendered":"<p>Verband der Krippenfreunde \u00d6sterreichs Bei den Krippenfreunden Hollabrunn werden in Kursen f\u00fcr Erwachsene, Jugendliche und auch f\u00fcr Kinder ab 10 Jahre\u00a0 unter fachgerechter Betreuung Krippen f\u00fcr den Eigenbedarf gebaut. Das allj\u00e4hrliche Highlight ist die Krippenausstellung im Rahmen des Hollabrunner Advent. &hellip; <a href=\"http:\/\/www.alterschlachthof.at\/ash\/vereine\/krippenbauer\/\">Weiterlesen <span class=\"meta-nav\">&rarr;<\/span><\/a><\/p>\n","protected":false},"author":4,"featured_media":0,"parent":2,"menu_order":0,"comment_status":"open","ping_status":"open","template":"","meta":{"_monsterinsights_skip_tracking":false,"_monsterinsights_sitenote_active":false,"_monsterinsights_sitenote_note":"","_monsterinsights_sitenote_category":0},"yoast_head":"<!-- This site is optimized with the Yoast SEO plugin v20.1 - https:\/\/yoast.com\/wordpress\/plugins\/seo\/ -->\n<title>Krippenbauverein - Alter Schlachthof Hollabrunn<\/title>\n<meta name=\"robots\" content=\"index, follow, max-snippet:-1, max-image-preview:large, max-video-preview:-1\" \/>\n<link rel=\"canonical\" href=\"http:\/\/www.alterschlachthof.at\/ash\/vereine\/krippenbauer\/\" \/>\n<meta property=\"og:locale\" content=\"de_DE\" \/>\n<meta property=\"og:type\" content=\"article\" \/>\n<meta property=\"og:title\" content=\"Krippenbauverein - Alter Schlachthof Hollabrunn\" \/>\n<meta property=\"og:description\" content=\"Verband der Krippenfreunde \u00d6sterreichs Bei den Krippenfreunden Hollabrunn werden in Kursen f\u00fcr Erwachsene, Jugendliche und auch f\u00fcr Kinder ab 10 Jahre\u00a0 unter fachgerechter Betreuung Krippen f\u00fcr den Eigenbedarf gebaut. Das allj\u00e4hrliche Highlight ist die Krippenausstellung im Rahmen des Hollabrunner Advent. &hellip; Weiterlesen &rarr;\" \/>\n<meta property=\"og:url\" content=\"http:\/\/www.alterschlachthof.at\/ash\/vereine\/krippenbauer\/\" \/>\n<meta property=\"og:site_name\" content=\"Alter Schlachthof Hollabrunn\" \/>\n<meta property=\"article:modified_time\" content=\"2023-02-13T14:19:25+00:00\" \/>\n<script type=\"application\/ld+json\" class=\"yoast-schema-graph\">{\"@context\":\"https:\/\/schema.org\",\"@graph\":[{\"@type\":\"WebPage\",\"@id\":\"http:\/\/www.alterschlachthof.at\/ash\/vereine\/krippenbauer\/\",\"url\":\"http:\/\/www.alterschlachthof.at\/ash\/vereine\/krippenbauer\/\",\"name\":\"Krippenbauverein - Alter Schlachthof Hollabrunn\",\"isPartOf\":{\"@id\":\"http:\/\/www.alterschlachthof.at\/ash\/#website\"},\"datePublished\":\"2013-01-07T17:33:08+00:00\",\"dateModified\":\"2023-02-13T14:19:25+00:00\",\"breadcrumb\":{\"@id\":\"http:\/\/www.alterschlachthof.at\/ash\/vereine\/krippenbauer\/#breadcrumb\"},\"inLanguage\":\"de\",\"potentialAction\":[{\"@type\":\"ReadAction\",\"target\":[\"http:\/\/www.alterschlachthof.at\/ash\/vereine\/krippenbauer\/\"]}]},{\"@type\":\"BreadcrumbList\",\"@id\":\"http:\/\/www.alterschlachthof.at\/ash\/vereine\/krippenbauer\/#breadcrumb\",\"itemListElement\":[{\"@type\":\"ListItem\",\"position\":1,\"name\":\"Home\",\"item\":\"http:\/\/www.alterschlachthof.at\/ash\/\"},{\"@type\":\"ListItem\",\"position\":2,\"name\":\"Vereine\",\"item\":\"http:\/\/www.alterschlachthof.at\/ash\/vereine\/\"},{\"@type\":\"ListItem\",\"position\":3,\"name\":\"Krippenbauverein\"}]},{\"@type\":\"WebSite\",\"@id\":\"http:\/\/www.alterschlachthof.at\/ash\/#website\",\"url\":\"http:\/\/www.alterschlachthof.at\/ash\/\",\"name\":\"Alter Schlachthof Hollabrunn\",\"description\":\"Verein zur F\u00f6rderung der Kulturszene in Hollabrunn\",\"potentialAction\":[{\"@type\":\"SearchAction\",\"target\":{\"@type\":\"EntryPoint\",\"urlTemplate\":\"http:\/\/www.alterschlachthof.at\/ash\/?s={search_term_string}\"},\"query-input\":\"required name=search_term_string\"}],\"inLanguage\":\"de\"}]}<\/script>\n<!-- \/ Yoast SEO plugin. -->","yoast_head_json":{"title":"Krippenbauverein - Alter Schlachthof Hollabrunn","robots":{"index":"index","follow":"follow","max-snippet":"max-snippet:-1","max-image-preview":"max-image-preview:large","max-video-preview":"max-video-preview:-1"},"canonical":"http:\/\/www.alterschlachthof.at\/ash\/vereine\/krippenbauer\/","og_locale":"de_DE","og_type":"article","og_title":"Krippenbauverein - Alter Schlachthof Hollabrunn","og_description":"Verband der Krippenfreunde \u00d6sterreichs Bei den Krippenfreunden Hollabrunn werden in Kursen f\u00fcr Erwachsene, Jugendliche und auch f\u00fcr Kinder ab 10 Jahre\u00a0 unter fachgerechter Betreuung Krippen f\u00fcr den Eigenbedarf gebaut. Das allj\u00e4hrliche Highlight ist die Krippenausstellung im Rahmen des Hollabrunner Advent. &hellip; Weiterlesen &rarr;","og_url":"http:\/\/www.alterschlachthof.at\/ash\/vereine\/krippenbauer\/","og_site_name":"Alter Schlachthof Hollabrunn","article_modified_time":"2023-02-13T14:19:25+00:00","schema":{"@context":"https:\/\/schema.org","@graph":[{"@type":"WebPage","@id":"http:\/\/www.alterschlachthof.at\/ash\/vereine\/krippenbauer\/","url":"http:\/\/www.alterschlachthof.at\/ash\/vereine\/krippenbauer\/","name":"Krippenbauverein - Alter Schlachthof Hollabrunn","isPartOf":{"@id":"http:\/\/www.alterschlachthof.at\/ash\/#website"},"datePublished":"2013-01-07T17:33:08+00:00","dateModified":"2023-02-13T14:19:25+00:00","breadcrumb":{"@id":"http:\/\/www.alterschlachthof.at\/ash\/vereine\/krippenbauer\/#breadcrumb"},"inLanguage":"de","potentialAction":[{"@type":"ReadAction","target":["http:\/\/www.alterschlachthof.at\/ash\/vereine\/krippenbauer\/"]}]},{"@type":"BreadcrumbList","@id":"http:\/\/www.alterschlachthof.at\/ash\/vereine\/krippenbauer\/#breadcrumb","itemListElement":[{"@type":"ListItem","position":1,"name":"Home","item":"http:\/\/www.alterschlachthof.at\/ash\/"},{"@type":"ListItem","position":2,"name":"Vereine","item":"http:\/\/www.alterschlachthof.at\/ash\/vereine\/"},{"@type":"ListItem","position":3,"name":"Krippenbauverein"}]},{"@type":"WebSite","@id":"http:\/\/www.alterschlachthof.at\/ash\/#website","url":"http:\/\/www.alterschlachthof.at\/ash\/","name":"Alter Schlachthof Hollabrunn","description":"Verein zur F\u00f6rderung der Kulturszene in Hollabrunn","potentialAction":[{"@type":"SearchAction","target":{"@type":"EntryPoint","urlTemplate":"http:\/\/www.alterschlachthof.at\/ash\/?s={search_term_string}"},"query-input":"required name=search_term_string"}],"inLanguage":"de"}]}},"_links":{"self":[{"href":"http:\/\/www.alterschlachthof.at\/ash\/wp-json\/wp\/v2\/pages\/15"}],"collection":[{"href":"http:\/\/www.alterschlachthof.at\/ash\/wp-json\/wp\/v2\/pages"}],"about":[{"href":"http:\/\/www.alterschlachthof.at\/ash\/wp-json\/wp\/v2\/types\/page"}],"author":[{"embeddable":true,"href":"http:\/\/www.alterschlachthof.at\/ash\/wp-json\/wp\/v2\/users\/4"}],"replies":[{"embeddable":true,"href":"http:\/\/www.alterschlachthof.at\/ash\/wp-json\/wp\/v2\/comments?post=15"}],"version-history":[{"count":7,"href":"http:\/\/www.alterschlachthof.at\/ash\/wp-json\/wp\/v2\/pages\/15\/revisions"}],"predecessor-version":[{"id":384,"href":"http:\/\/www.alterschlachthof.at\/ash\/wp-json\/wp\/v2\/pages\/15\/revisions\/384"}],"up":[{"embeddable":true,"href":"http:\/\/www.alterschlachthof.at\/ash\/wp-json\/wp\/v2\/pages\/2"}],"wp:attachment":[{"href":"http:\/\/www.alterschlachthof.at\/ash\/wp-json\/wp\/v2\/media?parent=15"}],"curies":[{"name":"wp","href":"https:\/\/api.w.org\/{rel}","templated":true}]}}